{"id":55,"date":"2017-01-14T15:44:45","date_gmt":"2017-01-14T14:44:45","guid":{"rendered":"http:\/\/www.oxobrescia.it\/public\/?page_id=55"},"modified":"2017-01-30T19:18:49","modified_gmt":"2017-01-30T18:18:49","slug":"ipermetrope","status":"publish","type":"page","link":"https:\/\/www.oxobrescia.it\/public\/ipermetrope\/","title":{"rendered":"Presbiopia"},"content":{"rendered":"<div class=\"container-12\">\n<div class=\"grid-12\">\n<div id=\"main\" class=\"main clearfix\">\n<div id=\"content\" class=\"content content-main \">\n<p>La presbiopia, una condizione &#8220;democratica&#8221;<\/p>\n<div class=\"region region-content\">\n<div id=\"block-system-main\" class=\"block-system-main block block-system block-odd\">\n<div class=\"content block-content\">\n<div id=\"node-75\" class=\"node node-difetti node-odd published with-comments node-full clearfix node-75\">\n<div class=\"content node-content\">\n<div class=\"field field-name-body field-type-text-with-summary field-label-hidden\">\n<div class=\"field-items\">\n<div class=\"field-item even\">\n<p>Questa condizione \u00e8 naturale a partire dai 40 anni e si stabilizza dopo i 65 anni. Con il termine \u201cpresbiopia\u201d si intende una ridotta capacit\u00e0 a vedere da vicino. Si ha quindi difficolt\u00e0 a leggere un libro, digitare i numeri sul cellulare, cucire o a compiere qualsiasi azione che richiede la vista di un oggetto in posizione ravvicinata che ci appare sfuocato. (normalmente la distanza a cui si legge o si lavora da vicino \u00e8 circa 40 centimetri).La causa di questa condizione visiva \u00e8 fisiologica; con il passare degli anni il cristallino perde elasticit\u00e0, riducendo pertanto la sua capacit\u00e0 di modellarsi correttamente per mettere a fuoco gli oggetti vicini. La tipica gestualit\u00e0 di un presbite consiste nell&#8217;allontanare l\u2019oggetto per ricercare una messa a fuoco migliore o aumentando l\u2019illuminazione puntata sull\u2019oggetto.<\/p>\n<div class=\"rtecenter\"><img decoding=\"async\" src=\"http:\/\/www.oxoitalia.com\/sites\/default\/files\/presbiopia.png\" \/><\/div>\n<p>Se pensi di essere presbite, non fare finta di niente e non costringere i tuoi occhi a lavorare con difficolt\u00e0, sottoponendoli ad inutili affaticamenti. Il primo sintomo \u00e8 la difficolt\u00e0 di lettura per cui i caratteri appaiono sfuocati, ossia poco leggibili. Se la difficolt\u00e0 non viene corretta, possono apparire presto altri disturbi quali affaticamento visivo, mal di testa, bruciore e arrossamento degli occhi. Il problema pu\u00f2 essere facilmente risolto rivolgendoti subito all\u2019Ottico Optometrista e all\u2019Oftalmologo. Ti ricordiamo che \u00e8 comunque buona abitudine sottoporsi a un controllo intorno ai 40 anni, ripetendo i controlli con cadenza regolare, idealmente ogni 18 mesi, e soprattutto non rimandare i controlli quando ti accorgi di un abbassamento o comunque un cambiamento della vista.<\/p>\n<div class=\"oxo_titolo\">Diamo un\u2019occhiata\u2026 a come funziona la vista<\/div>\n<p>Vediamo innanzitutto come \u00e8 fatto l\u2019occhio. Il cristallino \u00e8 la piccola lente posta immediatamente dietro alla pupilla, ovvero al foro centrale dell\u2019iride (il disco che da colore ai nostri occhi). Le immagini che attraversano il cristallino, grazie alla curvatura della lente, vengono messe a fuoco sulla retina, ossia la pellicola che riveste internamente l\u2019occhio. Questa pellicola (proprio come quella fotografica) \u00e8 in grado di \u201ccatturare\u201d l\u2019immagine e inviarla al nervo ottico e quindi al cervello, dove viene\u2026 stampata nella memoria.<\/p>\n<div class=\"rtecenter\"><img decoding=\"async\" src=\"http:\/\/www.oxoitalia.com\/sites\/default\/files\/1_occhio_presbiopia.jpg\" \/><\/div>\n<p>Il cristallino \u00e8 costituito da un materiale trasparente ed ha l\u2019aspetto di una lente biconvessa, ossia curva sui due lati, come una comune lente d\u2019ingrandimento. Ha un diametro di 1 centimetro ed \u00e8 spessa appena 3-4 mm.<\/p>\n<div class=\"oxo_titolo\">Prego, si \u201caccomodi\u201d<\/div>\n<p>Normalmente, il cristallino \u00e8 in grado di modificare la propria curvatura, a seconda della vicinanza o della lontananza dell\u2019oggetto da osservare, affinch\u00e9 l\u2019immagine venga proiettata esattamente sulla retina. Questo meccanismo \u00e8 definito \u201caccomodazione\u201d e viene ottenuto grazie al fatto che il cristallino \u00e8 collegato a una particolare struttura muscolare (chiamata muscolo ciliare) e perch\u00e9 \u00e8 elastico. Il muscolo ciliare distende e fa appiattire il cristallino per osservare meglio gli oggetti lontani, oppure lo pu\u00f2 ispessire per mettere a fuoco gli oggetti vicini. Se questo meccanismo non funziona, la proiezione dell\u2019immagine converger\u00e0 in un punto troppo avanti o troppo dietro (come nel caso della presbiopia), rispetto alla retina, e la visione risulter\u00e0 pertanto meno nitida.<\/p>\n<div class=\"rtecenter\"><img decoding=\"async\" src=\"http:\/\/www.oxoitalia.com\/sites\/default\/files\/2_occhio_presbiopia.jpg\" \/><\/div>\n<div class=\"oxo_titolo\">Come compensare la presbiopia<\/div>\n<p>La presbiopia pu\u00f2 essere facilmente compensata con occhiali con lenti specifiche che favoriscono la messa a fuoco sulla retina.<\/p>\n<div class=\"rtecenter\"><img decoding=\"async\" src=\"http:\/\/www.oxoitalia.com\/sites\/default\/files\/3_occhio_presbiopia.jpg\" \/><\/div>\n<p>Per compensare la presbiopia, gli strumenti pi\u00f9 utilizzati sono:<\/p>\n<ul>\n<li><strong>Lenti monofocali per vicino:<\/strong> permettono una visione corretta per vicino, ma devono essere tolte per una corretta visione per lontano.<\/li>\n<li><strong>Lenti progressive: consentono di ottenere una visione nitida alle diverse distanze<\/strong> (lontane, vicine e intermedie) e di correggere nel contempo difetti visivi eventualmente presenti come miopia, astigmatismo o ipermetropia.<\/li>\n<li><strong>Lenti a contatto multifocali: consentono una visione nitida a tutte le distanze,<\/strong> vicino, intermedio e lontano. Possono essere utilizzate in alternativa agli occhiali.<\/li>\n<\/ul>\n<p><strong>Per definire la soluzione migliore \u00e8 necessaria una valutazione personalizzata.<\/strong><br \/>\nLa scelta dipende infatti da diversi fattori, quali, per esempio: stile di vita della persona, entit\u00e0 della presbiopia, concomitanza di altri difetti visivi (miopia, ipermetropia, astigmatismo), aspettative della persona, adattabilit\u00e0 individuale al sistema compensativo adottato, aspetti estetici e psicologici.<\/p>\n<\/div>\n<\/div>\n<\/div>\n<\/div>\n<footer class=\"footer node-footer\"><\/footer>\n<\/div>\n<\/div>\n<\/div>\n<\/div>\n<\/div>\n<\/div>\n<\/div>\n<\/div>\n","protected":false},"excerpt":{"rendered":"<p>La presbiopia, una condizione &#8220;democratica&#8221; Questa condizione \u00e8 naturale a partire dai 40 anni e si stabilizza dopo i 65 anni. Con il termine \u201cpresbiopia\u201d si intende una ridotta capacit\u00e0 a vedere da vicino. Si ha quindi difficolt\u00e0 a leggere un libro, digitare i numeri sul cellulare, cucire o a compiere qualsiasi azione che richiede [&hellip;]<\/p>\n","protected":false},"author":1,"featured_media":76,"parent":0,"menu_order":0,"comment_status":"closed","ping_status":"closed","template":"","meta":{"footnotes":""},"class_list":["post-55","page","type-page","status-publish","has-post-thumbnail","czr-hentry"],"_links":{"self":[{"href":"https:\/\/www.oxobrescia.it\/public\/wp-json\/wp\/v2\/pages\/55","targetHints":{"allow":["GET"]}}],"collection":[{"href":"https:\/\/www.oxobrescia.it\/public\/wp-json\/wp\/v2\/pages"}],"about":[{"href":"https:\/\/www.oxobrescia.it\/public\/wp-json\/wp\/v2\/types\/page"}],"author":[{"embeddable":true,"href":"https:\/\/www.oxobrescia.it\/public\/wp-json\/wp\/v2\/users\/1"}],"replies":[{"embeddable":true,"href":"https:\/\/www.oxobrescia.it\/public\/wp-json\/wp\/v2\/comments?post=55"}],"version-history":[{"count":4,"href":"https:\/\/www.oxobrescia.it\/public\/wp-json\/wp\/v2\/pages\/55\/revisions"}],"predecessor-version":[{"id":158,"href":"https:\/\/www.oxobrescia.it\/public\/wp-json\/wp\/v2\/pages\/55\/revisions\/158"}],"wp:featuredmedia":[{"embeddable":true,"href":"https:\/\/www.oxobrescia.it\/public\/wp-json\/wp\/v2\/media\/76"}],"wp:attachment":[{"href":"https:\/\/www.oxobrescia.it\/public\/wp-json\/wp\/v2\/media?parent=55"}],"curies":[{"name":"wp","href":"https:\/\/api.w.org\/{rel}","templated":true}]}}